{"id":1558,"date":"2020-01-13T09:55:41","date_gmt":"2020-01-13T08:55:41","guid":{"rendered":"http:\/\/www.pachlina.net\/stefan\/?page_id=1558"},"modified":"2026-02-23T13:23:34","modified_gmt":"2026-02-23T12:23:34","slug":"braunington-und-millstone","status":"publish","type":"page","link":"https:\/\/www.pachlina.net\/stefan\/","title":{"rendered":"Braunington und Millstone"},"content":{"rendered":"\n<div class=\"wp-block-media-text alignwide is-vertically-aligned-top\" style=\"grid-template-columns:27% auto\"><figure class=\"wp-block-media-text__media\"><img loading=\"lazy\" decoding=\"async\" width=\"449\" height=\"600\" src=\"https:\/\/www.pachlina.net\/stefan\/wp-content\/uploads\/2020\/01\/Pachlina_C_Stefan.jpg\" alt=\"\" class=\"wp-image-1568 size-full\" srcset=\"https:\/\/www.pachlina.net\/stefan\/wp-content\/uploads\/2020\/01\/Pachlina_C_Stefan.jpg 449w, https:\/\/www.pachlina.net\/stefan\/wp-content\/uploads\/2020\/01\/Pachlina_C_Stefan-225x300.jpg 225w\" sizes=\"auto, (max-width: 449px) 100vw, 449px\" \/><\/figure><div class=\"wp-block-media-text__content\">\n<p class=\"has-normal-font-size\" id=\"bumoverview\"><strong>Wie so oft, begann es mit einer Idee<\/strong><br>Als Kriminalroman-Liebhaber der alten Tage von Agatha Christie, Sir Arthur Conan Doyle und G. K. Chesterton, lie\u00df ich mich anhand deren Werke inspirieren und fing an, die unz\u00e4hligen Geschichten, welche in meinem Kopf schwirren, niederzuschreiben. So erschuf ich die beiden Protagonisten der gleichnamigen Kriminalroman-Serie: &#8222;<strong>Braunington und Millstone<\/strong>&#8222;.<br><br>Die Geschichte beginnt in England in den 1920ern:<br>Mrs. Amber <strong>Millstone<\/strong>, eine ambitionierte K\u00f6chin, ger\u00e4t hin und wieder, wenn auch widerwillig, in Mordf\u00e4lle, welche sich haupts\u00e4chlich im englischen Adel ereignen und trifft dabei auf Detective Inspector <strong>William J. Braunington<\/strong>, Scotland Yard, welcher sein Fachgebiet der Aufkl\u00e4rung von Morden im englischen Adel verschrieb. Mrs. Millstone treibt durch ihren kriminalistischen Scharfsinn die Aufkl\u00e4rung der m\u00f6rderischen Verbrechen voran und wird damit eine wichtige Verb\u00fcndete des Inspectors. <\/p>\n<\/div><\/div>\n\n\n\n<ul class=\"wp-block-list has-medium-font-size\">\n<li class=\"has-medium-font-size\"><a href=\"https:\/\/www.pachlina.net\/stefan\/braunington-und-millstone-der-fall-dawson-hall\/\" data-type=\"page\" data-id=\"3010\">Teil 1 &#8211; Der Fall Dawson Hall<\/a><\/li>\n\n\n\n<li class=\"has-medium-font-size\"><a href=\"https:\/\/www.pachlina.net\/stefan\/braunington-und-millstone-2\/\" data-type=\"page\" data-id=\"2340\">Teil 2 &#8211; Das Corbin Manor Problem<\/a><\/li>\n\n\n\n<li class=\"has-medium-font-size\"><a href=\"https:\/\/www.pachlina.net\/stefan\/jahrmarkt\/\" data-type=\"page\" data-id=\"2354\">Teil 3 &#8211; Jahrmarkt<\/a><\/li>\n\n\n\n<li class=\"has-medium-font-size\">Teil 4 &#8211; Der Dacht\u00e4nzer<\/li>\n\n\n\n<li class=\"has-medium-font-size\">Teil 5 &#8211; Die verschl\u00fcsselte Nachricht<\/li>\n\n\n\n<li class=\"has-medium-font-size\">Teil 6 &#8211; Im Schatten der Gorgonen<\/li>\n\n\n\n<li class=\"has-medium-font-size\">Teil 7 &#8211; Neun tote M\u00e4dchen<\/li>\n\n\n\n<li class=\"has-medium-font-size\">Teil 8 &#8211; Bluefire<\/li>\n\n\n\n<li class=\"has-medium-font-size\">Teil 9 &#8211; Die Perle des Nils<\/li>\n\n\n\n<li class=\"has-medium-font-size\">Teil 10 &#8211; Das Haus auf der anderen Seite<\/li>\n\n\n\n<li class=\"has-medium-font-size\">Teil 11 &#8211; Der H\u00f6llenhund<\/li>\n\n\n\n<li class=\"has-medium-font-size\">Teil 12 &#8211; &#8230;.<\/li>\n<\/ul>\n\n\n\n<p><\/p>\n\n\n\n<p><\/p>\n","protected":false},"excerpt":{"rendered":"<p>Wie so oft, begann es mit einer IdeeAls Kriminalroman-Liebhaber der alten Tage von Agatha Christie, Sir &hellip; <a title=\"Braunington und Millstone\" class=\"hm-read-more\" href=\"https:\/\/www.pachlina.net\/stefan\/\"><span class=\"screen-reader-text\">Braunington und Millstone<\/span>Weiterlesen<\/a><\/p>\n","protected":false},"author":2,"featured_media":0,"parent":0,"menu_order":0,"comment_status":"closed","ping_status":"closed","template":"","meta":{"footnotes":""},"class_list":["post-1558","page","type-page","status-publish","hentry"],"_links":{"self":[{"href":"https:\/\/www.pachlina.net\/stefan\/wp-json\/wp\/v2\/pages\/1558","targetHints":{"allow":["GET"]}}],"collection":[{"href":"https:\/\/www.pachlina.net\/stefan\/wp-json\/wp\/v2\/pages"}],"about":[{"href":"https:\/\/www.pachlina.net\/stefan\/wp-json\/wp\/v2\/types\/page"}],"author":[{"embeddable":true,"href":"https:\/\/www.pachlina.net\/stefan\/wp-json\/wp\/v2\/users\/2"}],"replies":[{"embeddable":true,"href":"https:\/\/www.pachlina.net\/stefan\/wp-json\/wp\/v2\/comments?post=1558"}],"version-history":[{"count":72,"href":"https:\/\/www.pachlina.net\/stefan\/wp-json\/wp\/v2\/pages\/1558\/revisions"}],"predecessor-version":[{"id":5212,"href":"https:\/\/www.pachlina.net\/stefan\/wp-json\/wp\/v2\/pages\/1558\/revisions\/5212"}],"wp:attachment":[{"href":"https:\/\/www.pachlina.net\/stefan\/wp-json\/wp\/v2\/media?parent=1558"}],"curies":[{"name":"wp","href":"https:\/\/api.w.org\/{rel}","templated":true}]}}