{"id":2340,"date":"2021-03-16T09:07:43","date_gmt":"2021-03-16T08:07:43","guid":{"rendered":"http:\/\/www.pachlina.net\/stefan\/?page_id=2340"},"modified":"2026-02-23T13:15:54","modified_gmt":"2026-02-23T12:15:54","slug":"braunington-und-millstone-2","status":"publish","type":"page","link":"https:\/\/www.pachlina.net\/stefan\/braunington-und-millstone-2\/","title":{"rendered":"Braunington und Millstone &#8211; Das Corbin Manor Problem"},"content":{"rendered":"\n<div class=\"wp-block-media-text alignwide has-media-on-the-right is-stacked-on-mobile\" style=\"grid-template-columns:auto 40%\"><div class=\"wp-block-media-text__content\">\n<p class=\"has-normal-font-size\" style=\"margin-right:var(--wp--preset--spacing--80);margin-left:var(--wp--preset--spacing--80)\"><strong>Teil 2<\/strong> der Krimireihe ist im August 2021 erschienen und ist etwas umfangreicher,<br>als <a href=\"https:\/\/www.pachlina.net\/stefan\/braunington-und-millstone-der-fall-dawson-hall\/\" data-type=\"page\" data-id=\"3010\">Teil 1<\/a>.<\/p>\n\n\n\n<p class=\"has-normal-font-size\" style=\"margin-right:var(--wp--preset--spacing--80);margin-left:var(--wp--preset--spacing--80)\">Im zweiten Teil der Serie verschl\u00e4gt es Detective Inspector Braunington nach Sussex. Es gilt einen Mordfall zu kl\u00e4ren, der immer mysteri\u00f6ser wird und Scotland Yard einiges abverlangt. H\u00f6chst fragliche Vorg\u00e4nge fordern den Verstand der Ermittler heraus. Immer verwirrender wird das Netz der Hinweise. Weitere Morde versetzen die Familie in Angst und Schrecken. Die eigenwilligen Bewohner von Corbin Manor erschweren die L\u00f6sung des Falles und treiben es leider nur zu oft auf die Spitze. Immer wieder l\u00e4uft das Fass anhand turbulenter Auseinandersetzungen zwischen den Geschwistern \u00fcber und stellen die Nerven aller Beteiligten auf die Zerrei\u00dfprobe. Kann Mrs. Millstone ihre Sp\u00fcrnase wieder erfolgreich einsetzen, um dem Inspector unter die Arme zu greifen? Sie hat ein kniffliges R\u00e4tsel zu knacken, wobei Detective Inspector Braunington allm\u00e4hlich bez\u00fcglich eines weiteren Falles unter Druck ger\u00e4t und dem Spuk auf Corbin Manor ein Ende setzen muss.<br><\/p>\n\n\n\n<p style=\"margin-top:var(--wp--preset--spacing--30);margin-right:var(--wp--preset--spacing--80);margin-bottom:var(--wp--preset--spacing--30);margin-left:var(--wp--preset--spacing--80)\"><em>Die leeu jag snags. Die wapens is skerp en dodelik.<\/em><\/p>\n<\/div><figure class=\"wp-block-media-text__media\"><img loading=\"lazy\" decoding=\"async\" width=\"1024\" height=\"944\" src=\"https:\/\/www.pachlina.net\/stefan\/wp-content\/uploads\/2020\/12\/1608560012-1-1024x944.png\" alt=\"\" class=\"wp-image-2333 size-full\" srcset=\"https:\/\/www.pachlina.net\/stefan\/wp-content\/uploads\/2020\/12\/1608560012-1-1024x944.png 1024w, https:\/\/www.pachlina.net\/stefan\/wp-content\/uploads\/2020\/12\/1608560012-1-300x277.png 300w, https:\/\/www.pachlina.net\/stefan\/wp-content\/uploads\/2020\/12\/1608560012-1-768x708.png 768w, https:\/\/www.pachlina.net\/stefan\/wp-content\/uploads\/2020\/12\/1608560012-1.png 1500w\" sizes=\"auto, (max-width: 1024px) 100vw, 1024px\" \/><\/figure><\/div>\n\n\n\n<figure class=\"wp-block-image size-large\"><a  href=\"https:\/\/www.pachlina.net\/stefan\/wp-content\/uploads\/2021\/03\/Ahnentafel_Corbin_Manor-2.png\" data-rel=\"lightbox-gallery-0\" data-rl_title=\"\" data-rl_caption=\"\" title=\"\"><img loading=\"lazy\" decoding=\"async\" width=\"1024\" height=\"576\" src=\"https:\/\/www.pachlina.net\/stefan\/wp-content\/uploads\/2021\/03\/Ahnentafel_Corbin_Manor-2-1024x576.png\" alt=\"\" class=\"wp-image-2372\" srcset=\"https:\/\/www.pachlina.net\/stefan\/wp-content\/uploads\/2021\/03\/Ahnentafel_Corbin_Manor-2-1024x576.png 1024w, https:\/\/www.pachlina.net\/stefan\/wp-content\/uploads\/2021\/03\/Ahnentafel_Corbin_Manor-2-300x169.png 300w, https:\/\/www.pachlina.net\/stefan\/wp-content\/uploads\/2021\/03\/Ahnentafel_Corbin_Manor-2-768x432.png 768w, https:\/\/www.pachlina.net\/stefan\/wp-content\/uploads\/2021\/03\/Ahnentafel_Corbin_Manor-2.png 1280w\" sizes=\"auto, (max-width: 1024px) 100vw, 1024px\" \/><\/a><\/figure>\n\n\n\n<div class=\"wp-block-file\"><a id=\"wp-block-file--media-58e29bf0-b833-46a0-8138-0fc3884e40bb\" href=\"https:\/\/www.pachlina.net\/stefan\/wp-content\/uploads\/2021\/03\/Braunington_und_Millstone_Das_Corbin_Manor_Problem_Ahnentafel.pdf\">Braunington und Millstone &#8211; Das Corbin Manor Problem &#8211; Ahnentafel<\/a><a href=\"https:\/\/www.pachlina.net\/stefan\/wp-content\/uploads\/2021\/03\/Braunington_und_Millstone_Das_Corbin_Manor_Problem_Ahnentafel.pdf\" class=\"wp-block-file__button wp-element-button\" download aria-describedby=\"wp-block-file--media-58e29bf0-b833-46a0-8138-0fc3884e40bb\">Herunterladen<\/a><\/div>\n\n\n\n<p><\/p>\n","protected":false},"excerpt":{"rendered":"<p>Teil 2 der Krimireihe ist im August 2021 erschienen und ist etwas umfangreicher,als Teil 1. Im &hellip; <a title=\"Braunington und Millstone &#8211; Das Corbin Manor Problem\" class=\"hm-read-more\" href=\"https:\/\/www.pachlina.net\/stefan\/braunington-und-millstone-2\/\"><span class=\"screen-reader-text\">Braunington und Millstone &#8211; Das Corbin Manor Problem<\/span>Weiterlesen<\/a><\/p>\n","protected":false},"author":2,"featured_media":0,"parent":0,"menu_order":0,"comment_status":"closed","ping_status":"closed","template":"","meta":{"footnotes":""},"class_list":["post-2340","page","type-page","status-publish","hentry"],"_links":{"self":[{"href":"https:\/\/www.pachlina.net\/stefan\/wp-json\/wp\/v2\/pages\/2340","targetHints":{"allow":["GET"]}}],"collection":[{"href":"https:\/\/www.pachlina.net\/stefan\/wp-json\/wp\/v2\/pages"}],"about":[{"href":"https:\/\/www.pachlina.net\/stefan\/wp-json\/wp\/v2\/types\/page"}],"author":[{"embeddable":true,"href":"https:\/\/www.pachlina.net\/stefan\/wp-json\/wp\/v2\/users\/2"}],"replies":[{"embeddable":true,"href":"https:\/\/www.pachlina.net\/stefan\/wp-json\/wp\/v2\/comments?post=2340"}],"version-history":[{"count":30,"href":"https:\/\/www.pachlina.net\/stefan\/wp-json\/wp\/v2\/pages\/2340\/revisions"}],"predecessor-version":[{"id":5031,"href":"https:\/\/www.pachlina.net\/stefan\/wp-json\/wp\/v2\/pages\/2340\/revisions\/5031"}],"wp:attachment":[{"href":"https:\/\/www.pachlina.net\/stefan\/wp-json\/wp\/v2\/media?parent=2340"}],"curies":[{"name":"wp","href":"https:\/\/api.w.org\/{rel}","templated":true}]}}